 by 4698.
4654
What is the remainder when 143919337 is divided by 279?
256
What is the remainder when 4063697 is divided by 2429?
2409
Calculate the remainder when 3486701 is divided by 26.
23
Calculate the remainder when 3116837 is divided by 520.
477
What is the remainder when 2964653 is divided by 269510?
43
What is the remainder when 4581129 is divided by 71?
67
What is the remainder when 18720 is divided by 648?
576
What is the remainder when 3919591 is divided by 1306528?
7
What is the remainder when 1108260 is divided by 1108182?
78
Calculate the remainder when 41886 is divided by 466.
412
Calculate the remainder when 720699 is divided by 345.
339
Calculate the remainder when 35467034 is divided by 909411.
5
Calculate the remainder when 1327806 is divided by 663795.
216
What is the remainder when 941860 is divided by 2525?
35
Calculate the remainder when 232627 is divided by 115848.
931
What is the remainder when 14144574 is divided by 2195?
2189
Calculate the remainder when 7295375 is divided by 840.
815
Calculate the remainder when 130592 is divided by 9150.
2492
What is the remainder when 1134344 is divided by 737?
101
What is the remainder when 381455 is divided by 468?
35
Calculate the remainder when 15125545 is divided by 3090.
3085
What is the remainder when 588745 is divided by 3984?
3097
Calculate the remainder when 707159774 is divided by 235719923.
5
Calculate the remainder when 68769443 is divided by 177.
164
Calculate the remainder when 698110 is divided by 173571.
3826
What is the remainder when 25721 is divided by 735?
731
Calculate the remainder when 1447739 is divided by 1078.
1063
What is the remainder when 19860635 is divided by 1428?
11
What is the remainder when 1689645 is divided by 158?
151
What is the remainder when 34477594 is divided by 207?
88
Calculate the remainder when 243303 is divided by 3162.
2991
What is the remainder when 134406 is divided by 67153?
100
What is the remainder when 5893 is divided by 2939?
15
What is the remainder when 286244982 is divided by 724?
722
Calculate the remainder when 37940412 is divided by 328.
324
Calculate the remainder when 106576 is divided by 977.
83
Calculate the remainder when 16720081 is divided by 9560.
9201
Calculate the remainder when 6049091 is divided by 2720.
2531
What is the remainder when 4791397 is divided by 399275?
97
What is the remainder when 359932 is divided by 359636?
296
What is the remainder when 196278266 is divided by 30?
26
Calculate the remainder when 708067 is divided by 353908.
251
Calculate the remainder when 212512 is divided by 106011.
490
What is the remainder when 33040756 is divided by 1149?
112
What is the remainder when 314416 is divided by 778?
104
Calculate the remainder when 180162 is divided by 17933.
832
What is the remainder when 15735148 is divided by 1095?
1093
Calculate the remainder when 7619568 is divided by 36.
24
Calculate the remainder when 6375674 is divided by 106261.
14
Calculate the remainder when 28536650 is divided by 1462.
1334
What is the remainder when 2238539 is divided by 9564?
563
What is the remainder when 274561 is divided by 24?
1
Calculate the remainder when 157111 is divided by 2016.
1879
What is the remainder when 76735275 is divided by 38367633?
9
Calculate the remainder when 318568506 is divided by 1318.
1316
Calculate the remainder when 22754474 is divided by 7798.
7708
Calculate the remainder when 3076165 is divided by 76.
65
What is the remainder when 1428174 is divided by 55?
44
What is the remainder when 294212 is divided by 984?
980
Calculate the remainder when 677762 is divided by 61610.
52
What is the remainder when 317305222 is divided by 1525?
1522
What is the remainder when 45659758 is divided by 22829866?
26
What is the remainder when 4209203 is divided by 1014?
89
What is the remainder when 5151747 is divided by 158?
157
What is the remainder when 177960958 is divided by 681?
676
What is the remainder when 28356 is divided by 22684?
5672
What is the remainder when 6820191 is divided by 1110?
351
Calculate the remainder when 4613253 is divided by 1153311.
9
Calculate the remainder when 1429840 is divided by 1429839.
1
What is the remainder when 12146 is divided by 2478?
2234
What is the remainder when 220251 is divided by 154?
31
What is the remainder when 411005 is divided by 5867?
315
What is the remainder when 23625766 is divided by 234?
190
What is the remainder when 169851 is divided by 1973?
173
Calculate the remainder when 24068 is divided by 277.
246
Calculate the remainder when 11762 is divided by 219.
155
What is the remainder when 23125 is divided by 11383?
359
Calculate the remainder when 11001895 is divided by 780.
775
What is the remainder when 28828040 is divided by 9609313?
101
What is the remainder when 25585009 is divided by 855?
844
Calculate the remainder when 365155 is divided by 501.
427
Calculate the remainder when 658203656 is divided by 36.
32
Calculate the remainder when 117491 is divided by 6192.
6035
Calculate the remainder when 15422360 is divided by 456.
440
Calculate the remainder when 58862046 is divided by 19620678.
12
What is the remainder when 64823957 is divided by 4885?
7
What is the remainder when 37572831 is divided by 1739?
1736
What is the remainder when 24688450 is divided by 3620?
50
Calculate the remainder when 6843314 is divided by 112.
2
What is the remainder when 69291 is divided by 6287?
134
What is the remainder when 22552 is divided by 5199?
1756
What is the remainder when 9375367 is divided by 6168?
7
Calculate the remainder when 166059 is divided by 2913.
18
What is the remainder when 13408235 is divided by 13408208?
27
What is the remainder when 1206839 is divided by 1206532?
307
What is the remainder when 31786 is divided by 1644?
550
Calculate the remainder when 689168 is divided by 36.
20
Calculate the remainder when 25702701 is divided by 12.
9
Calculate the remainder when 3574381 is divided by 506.
503
Calculate the remainder when 1015152 is divided by 1005.
102
What is the remainder when 1699416 is divided by 212425?
16
What is the remainder when 7696612 is divided by 25?
12
Calculate the remainder when 161529322 is divided by 22.
20
Calculate the remainder when 869974 is divided by 99.
61
What is the remainder when 104969 is divided by 1717?
232
Calculate the remainder when 37687 is divided by 12557.
16
What is the remainder when 291734 is divided by 298?
290
Calculate the remainder when 388480 is divided by 161.
148
Calculate the remainder when 908250 is divided by 115.
95
Calculate the remainder when 1955837 is divided by 1955780.
57
What is the remainder when 3321528 is divided by 1107170?
18
Calculate the remainder when 167549841 is divided by 33.
30
What is the remainder when 640259 is divided by 1745?
1589
What is the remainder when 3985759 is divided by 1992876?
7
Calculate the remainder when 255102 is divided by 2629.
89
Calculate the remainder when 16140605 is divided by 196.
5
Calculate the remainder when 7626413 is divided by 3.
2
Calculate the remainder when 148136 is divided by 101.
70
What is the remainder when 4779566 is divided by 309?
263
What is the remainder when 3061579 is divided by 191337?
187
Calculate the remainder when 2830 is divided by 2771.
59
Calculate the remainder when 54922245 is divided by 832155.
15
What is the remainder when 344701 is divided by 1970?
1921
What is the remainder when 86730599 is divided by 29?
9
Calculate the remainder when 1195879 is divided by 1427.
53
Calculate the remainder when 2014655 is divided by 879.
866
Calculate the remainder when 89154 is divided by 22252.
146
Calculate the remainder when 9950509 is divided by 73.
25
Calculate the remainder when 89152 is divided by 88559.
593
What is the remainder when 612212 is divided by 10?
2
What is the remainder when 1692036 is divided by 58345?
31
What is the remainder when 15064890 is divided by 8703?
8700
Calculate the remainder when 10917617 is divided by 904.
9
Calculate the remainder when 22613744 is divided by 223.
206
What is the remainder when 39700267 is divided by 21?
19
Calculate the remainder when 142316 is divided by 71156.
4
Calculate the remainder when 193645089 is divided by 1007.
1003
Calculate the remainder 